{"id":76094,"date":"2025-09-24T13:19:14","date_gmt":"2025-09-24T17:19:14","guid":{"rendered":"https:\/\/globewomen.org\/globalsummit\/?page_id=76094"},"modified":"2025-10-22T15:31:41","modified_gmt":"2025-10-22T19:31:41","slug":"selen-kocabas-bio","status":"publish","type":"page","link":"https:\/\/globewomen.org\/globalsummit\/selen-kocabas-bio\/","title":{"rendered":"Selen Kocaba\u015f Bio"},"content":{"rendered":"<div id=\"pl-gb76094-69d7cbf1d1efe\"  class=\"panel-layout wp-block-siteorigin-panels-layout-block\" ><div id=\"pg-gb76094-69d7cbf1d1efe-0\"  class=\"panel-grid panel-no-style\" ><div id=\"pgc-gb76094-69d7cbf1d1efe-0-0\"  class=\"panel-grid-cell\" ><div id=\"panel-gb76094-69d7cbf1d1efe-0-0-0\" class=\"so-panel widget widget_sow-editor panel-first-child panel-last-child\" data-index=\"0\" ><div\n\t\t\t\n\t\t\tclass=\"so-widget-sow-editor so-widget-sow-editor-base\"\n\t\t\t\n\t\t>\n<div class=\"siteorigin-widget-tinymce textwidget\">\n\t<p><img loading=\"lazy\" decoding=\"async\" class=\"alignleft wp-image-76084 size-full\" src=\"https:\/\/globewomen.org\/globalsummit\/wp-content\/uploads\/2025\/09\/selen-kocabas.jpg\" alt=\"\" width=\"200\" height=\"200\" srcset=\"https:\/\/globewomen.org\/globalsummit\/wp-content\/uploads\/2025\/09\/selen-kocabas.jpg 200w, https:\/\/globewomen.org\/globalsummit\/wp-content\/uploads\/2025\/09\/selen-kocabas-150x150.jpg 150w, https:\/\/globewomen.org\/globalsummit\/wp-content\/uploads\/2025\/09\/selen-kocabas-80x80.jpg 80w\" sizes=\"auto, (max-width: 200px) 100vw, 200px\" \/><\/p>\n<header class=\"entry-header\"><\/header>\n<header class=\"entry-header\"><\/header>\n<header class=\"entry-header\"><\/header>\n<header class=\"entry-header\"><\/header>\n<header class=\"entry-header\"><\/header>\n<header class=\"entry-header\"><\/header>\n<header class=\"entry-header\"><\/header>\n<header class=\"entry-header\"><\/header>\n<header class=\"entry-header\"><\/header>\n<header class=\"entry-header\"><\/header>\n<header class=\"entry-header\"><\/header>\n<header class=\"entry-header\"><\/header>\n<header class=\"entry-header\"><\/header>\n<header class=\"entry-header\"><\/header>\n<header class=\"entry-header\"><\/header>\n<header class=\"entry-header\"><\/header>\n<header class=\"entry-header\"><\/header>\n<header class=\"entry-header\"><\/header>\n<header class=\"entry-header\"><\/header>\n<header class=\"entry-header\"><\/header>\n<header class=\"entry-header\"><\/header>\n<header class=\"entry-header\"><\/header>\n<header class=\"entry-header\">\n<h2 class=\"entry-title\"><span style=\"color: #000080;\"><strong>Selen Kocaba\u015f <\/strong><\/span><\/h2>\n<div class=\"entry-meta\"><\/div>\n<\/header>\n<p><span style=\"color: #000080;\"><strong>Current\/ previous positions:<\/strong> <strong>Independent Board Director, Tekfen, Multinet, TatG\u0131da, English Home and Kocaer\u00c7elik &amp; Co-Chair of YenidenBiz Women Association<\/strong><\/span><\/p>\n<p>&nbsp;<\/p>\n<p>&nbsp;<\/p>\n<hr \/>\n<h4 class=\"text-center\" style=\"text-align: center;\"><span style=\"color: #000080;\"><strong>BIOGRAPHY<\/strong><\/span><\/h4>\n<p><strong><span style=\"color: #000080;\">With over 30 years of leadership experience, Selen Kocaba\u015f specializes in business development, strategy, and people management. Currently serving as Board Chair of Turgut Aydin Holding, she began her professional career as a Management Trainee at the Ko\u00e7 Group and subsequently held management roles at Ar\u00e7elik, Marshall Boya, and DanoneSA. She joined Turkcell in 2002 and spent 13 years leading various roles, including HR, Procurement, Strategic Planning, IT, Legal, General Administrative Affairs, and Marketing. In 2010, she was appointed Chief Corporate Business Officer, overseeing marketing, sales, and service operations with profit\/loss responsibility and leading Turkcell&#8217;s transformation from a GSM operator to a technology and infrastructure company. She has also been a founding partner of Mentoro Platform since 2015 and served as an independent board member at Aki\u015f GYO. In addition, she became the first female president of PERY\u00d6N, T\u00fcrkiye&#8217;s first people management association, and a corporate member of the Ethics and Reputation Association (TE\u0130D).<br \/>\n<\/span><\/strong><\/p>\n<\/div>\n<\/div><\/div><\/div><\/div><\/div>\n\n\n<p><\/p>\n","protected":false},"excerpt":{"rendered":"<p>Selen Kocaba\u015f Current\/ previous positions: Independent Board Director, Tekfen, Multinet, TatG\u0131da, English Home and Kocaer\u00c7elik &amp; Co-Chair of YenidenBiz Women Association &nbsp; &nbsp; BIOGRAPHY With over 30 years of leadership experience, Selen Kocaba\u015f specializes&#46;&#46;&#46;<\/p>\n","protected":false},"author":1,"featured_media":0,"parent":0,"menu_order":0,"comment_status":"closed","ping_status":"closed","template":"","meta":{"footnotes":""},"class_list":["post-76094","page","type-page","status-publish","hentry"],"_links":{"self":[{"href":"https:\/\/globewomen.org\/globalsummit\/wp-json\/wp\/v2\/pages\/76094","targetHints":{"allow":["GET"]}}],"collection":[{"href":"https:\/\/globewomen.org\/globalsummit\/wp-json\/wp\/v2\/pages"}],"about":[{"href":"https:\/\/globewomen.org\/globalsummit\/wp-json\/wp\/v2\/types\/page"}],"author":[{"embeddable":true,"href":"https:\/\/globewomen.org\/globalsummit\/wp-json\/wp\/v2\/users\/1"}],"replies":[{"embeddable":true,"href":"https:\/\/globewomen.org\/globalsummit\/wp-json\/wp\/v2\/comments?post=76094"}],"version-history":[{"count":3,"href":"https:\/\/globewomen.org\/globalsummit\/wp-json\/wp\/v2\/pages\/76094\/revisions"}],"predecessor-version":[{"id":76322,"href":"https:\/\/globewomen.org\/globalsummit\/wp-json\/wp\/v2\/pages\/76094\/revisions\/76322"}],"wp:attachment":[{"href":"https:\/\/globewomen.org\/globalsummit\/wp-json\/wp\/v2\/media?parent=76094"}],"curies":[{"name":"wp","href":"https:\/\/api.w.org\/{rel}","templated":true}]}}