{"id":75956,"date":"2025-09-17T11:55:02","date_gmt":"2025-09-17T15:55:02","guid":{"rendered":"https:\/\/globewomen.org\/globalsummit\/?page_id=75956"},"modified":"2025-09-17T11:56:34","modified_gmt":"2025-09-17T15:56:34","slug":"dilek-bil-bio","status":"publish","type":"page","link":"https:\/\/globewomen.org\/globalsummit\/dilek-bil-bio\/","title":{"rendered":"Dilek Bil Bio"},"content":{"rendered":"<div id=\"pl-gb75956-69d7cc0c42512\"  class=\"panel-layout wp-block-siteorigin-panels-layout-block\" ><div id=\"pg-gb75956-69d7cc0c42512-0\"  class=\"panel-grid panel-no-style\" ><div id=\"pgc-gb75956-69d7cc0c42512-0-0\"  class=\"panel-grid-cell\" ><div id=\"panel-gb75956-69d7cc0c42512-0-0-0\" class=\"so-panel widget widget_sow-editor panel-first-child panel-last-child\" data-index=\"0\" ><div\n\t\t\t\n\t\t\tclass=\"so-widget-sow-editor so-widget-sow-editor-base\"\n\t\t\t\n\t\t>\n<div class=\"siteorigin-widget-tinymce textwidget\">\n\t<p><img loading=\"lazy\" decoding=\"async\" class=\"alignleft wp-image-75945 size-full\" src=\"https:\/\/globewomen.org\/globalsummit\/wp-content\/uploads\/2025\/09\/photo-Dilek-Bil-e1758123063641.jpg\" alt=\"\" width=\"158\" height=\"187\" \/><\/p>\n<header class=\"entry-header\"><\/header>\n<header class=\"entry-header\"><\/header>\n<header class=\"entry-header\"><\/header>\n<header class=\"entry-header\"><\/header>\n<header class=\"entry-header\"><\/header>\n<header class=\"entry-header\"><\/header>\n<header class=\"entry-header\"><\/header>\n<header class=\"entry-header\"><\/header>\n<header class=\"entry-header\"><\/header>\n<header class=\"entry-header\"><\/header>\n<header class=\"entry-header\"><\/header>\n<header class=\"entry-header\"><\/header>\n<header class=\"entry-header\"><\/header>\n<header class=\"entry-header\"><\/header>\n<header class=\"entry-header\"><\/header>\n<header class=\"entry-header\"><\/header>\n<header class=\"entry-header\"><\/header>\n<header class=\"entry-header\"><\/header>\n<header class=\"entry-header\"><\/header>\n<header class=\"entry-header\"><\/header>\n<header class=\"entry-header\"><\/header>\n<header class=\"entry-header\"><\/header>\n<header class=\"entry-header\">\n<h2 class=\"entry-title\"><span style=\"color: #000080;\"><strong>Dilek Bil<\/strong><\/span><\/h2>\n<div class=\"entry-meta\"><\/div>\n<\/header>\n<p><span style=\"color: #000080;\"><strong>Current\/ previous positions:<\/strong> <strong>Independent Board Member, Aydem Renewable Energy<\/strong><\/span><\/p>\n<p>&nbsp;<\/p>\n<p>&nbsp;<\/p>\n<hr \/>\n<h4 class=\"text-center\" style=\"text-align: center;\"><span style=\"color: #000080;\"><strong>BIOGRAPHY<\/strong><\/span><\/h4>\n<p><strong><span style=\"color: #000080;\"> Dilek Bil is an Independent Baord Member of Aydem Renewable Energy. She began her career in the banking industry in credit and marketing at American Express Bank, Ko\u00e7 \u2013 American Bank, BNP \u2013 AK-Dresdner and Societe Generale between 1985 and 1994. Her entrepreneurial years started by establishing Kangaroo Communication and Consultancy. Between 1994 and 2013, she directed Kangaroo, providing services to many national and international brands in strategic brand communication and creative advertising solutions. A former President of KAGIDER, she is the creator and host of S\u00fcrs\u00fcn Bu D\u00fcnya, Turkiye\u2019s pioneering sustainability-focused TV program and a Columnist at Gazete Oksijen on sustainability and business. In addition,she is also the sustainability advisor of the Turkish Clothing Manufacturers\u2019 Association and the founding mentor of the GEN\u00c7 TGSD \u2013 Sustainability Platform representing the TGSD.<br \/>\n<\/span><\/strong><\/p>\n<\/div>\n<\/div><\/div><\/div><\/div><\/div>\n\n\n<p><\/p>\n","protected":false},"excerpt":{"rendered":"<p>Dilek Bil Current\/ previous positions: Independent Board Member, Aydem Renewable Energy &nbsp; &nbsp; BIOGRAPHY Dilek Bil is an Independent Baord Member of Aydem Renewable Energy. She began her career in the banking industry in&#46;&#46;&#46;<\/p>\n","protected":false},"author":1,"featured_media":0,"parent":0,"menu_order":0,"comment_status":"closed","ping_status":"closed","template":"","meta":{"footnotes":""},"class_list":["post-75956","page","type-page","status-publish","hentry"],"_links":{"self":[{"href":"https:\/\/globewomen.org\/globalsummit\/wp-json\/wp\/v2\/pages\/75956","targetHints":{"allow":["GET"]}}],"collection":[{"href":"https:\/\/globewomen.org\/globalsummit\/wp-json\/wp\/v2\/pages"}],"about":[{"href":"https:\/\/globewomen.org\/globalsummit\/wp-json\/wp\/v2\/types\/page"}],"author":[{"embeddable":true,"href":"https:\/\/globewomen.org\/globalsummit\/wp-json\/wp\/v2\/users\/1"}],"replies":[{"embeddable":true,"href":"https:\/\/globewomen.org\/globalsummit\/wp-json\/wp\/v2\/comments?post=75956"}],"version-history":[{"count":2,"href":"https:\/\/globewomen.org\/globalsummit\/wp-json\/wp\/v2\/pages\/75956\/revisions"}],"predecessor-version":[{"id":75958,"href":"https:\/\/globewomen.org\/globalsummit\/wp-json\/wp\/v2\/pages\/75956\/revisions\/75958"}],"wp:attachment":[{"href":"https:\/\/globewomen.org\/globalsummit\/wp-json\/wp\/v2\/media?parent=75956"}],"curies":[{"name":"wp","href":"https:\/\/api.w.org\/{rel}","templated":true}]}}