{"id":41013,"date":"2021-07-08T17:22:34","date_gmt":"2021-07-08T21:22:34","guid":{"rendered":"https:\/\/globewomen.org\/globalsummit\/?page_id=41013"},"modified":"2021-10-25T12:45:30","modified_gmt":"2021-10-25T16:45:30","slug":"margaret-johnston-clarke-global-chief-diversity-inclusion-officer-loreal-group-france","status":"publish","type":"page","link":"https:\/\/globewomen.org\/globalsummit\/margaret-johnston-clarke-global-chief-diversity-inclusion-officer-loreal-group-france\/","title":{"rendered":"Margaret Johnston-Clarke, Global Chief Diversity &#038; Inclusion Officer, L&#8217;Oreal Group (France)"},"content":{"rendered":"<div id=\"pl-gb41013-69ef90d118ec6\"  class=\"panel-layout\" ><div id=\"pg-gb41013-69ef90d118ec6-0\"  class=\"panel-grid panel-no-style\" ><div id=\"pgc-gb41013-69ef90d118ec6-0-0\"  class=\"panel-grid-cell\" ><div id=\"panel-gb41013-69ef90d118ec6-0-0-0\" class=\"so-panel widget widget_sow-editor panel-first-child panel-last-child\" data-index=\"0\" ><div\n\t\t\t\n\t\t\tclass=\"so-widget-sow-editor so-widget-sow-editor-base\"\n\t\t\t\n\t\t>\n<div class=\"siteorigin-widget-tinymce textwidget\">\n\t<h1 style=\"text-align: center;\"><span style=\"color: #0152a3;\"><b><strong>Margaret Johnston-Clarke, Global Chief Diversity &amp; Inclusion Officer, L&#8217;Oreal Group (France)<\/strong><br \/>\n<\/b><\/span><\/h1>\n<p style=\"text-align: center;\"><img loading=\"lazy\" decoding=\"async\" class=\"size-medium wp-image-42966 aligncenter\" src=\"https:\/\/globewomen.org\/globalsummit\/wp-content\/uploads\/2021\/10\/Margaret__portrait-212x300.jpg\" alt=\"\" width=\"212\" height=\"300\" srcset=\"https:\/\/globewomen.org\/globalsummit\/wp-content\/uploads\/2021\/10\/Margaret__portrait-212x300.jpg 212w, https:\/\/globewomen.org\/globalsummit\/wp-content\/uploads\/2021\/10\/Margaret__portrait-722x1024.jpg 722w, https:\/\/globewomen.org\/globalsummit\/wp-content\/uploads\/2021\/10\/Margaret__portrait-768x1089.jpg 768w, https:\/\/globewomen.org\/globalsummit\/wp-content\/uploads\/2021\/10\/Margaret__portrait-720x1021.jpg 720w, https:\/\/globewomen.org\/globalsummit\/wp-content\/uploads\/2021\/10\/Margaret__portrait-520x737.jpg 520w, https:\/\/globewomen.org\/globalsummit\/wp-content\/uploads\/2021\/10\/Margaret__portrait-320x454.jpg 320w, https:\/\/globewomen.org\/globalsummit\/wp-content\/uploads\/2021\/10\/Margaret__portrait.jpg 1017w\" sizes=\"auto, (max-width: 212px) 100vw, 212px\" \/><\/p>\n<p><strong>Margaret Johnston-Clarke is a French American Yale graduate with more than 28 years of work experience in Diversity, Equity &amp; Inclusion, Corporate Social Responsibility, Philanthropy, Branding and Communications.<\/strong><\/p>\n<p><strong>She has spent more than half of her career at L\u2019Or\u00e9al in key positions including Deputy General Manager of the L\u2019Or\u00e9al Corporate Foundation, Head of Brand Communications at Lanc\u00f4me and Garnier. She spent five years at LVMH as Head of Image and Integrated Communications for the Mo\u00ebt &amp; Chandon House, and over six years at the non-profit Fondation Agir Contre l\u2019Exclusion (FACE) where she ran several educational programs in inner cities. Since May 2017, Ms. Johnston-Clarke is Global Chief Diversity, Equity &amp; Inclusion Officer for the L\u2019Or\u00e9al Goupe.<\/strong><\/p>\n<p><strong>Ms. Johnston-Clarke lives in Paris, France and is married to an American artist with whom she has three children. She has been awarded Chevalier de l\u2019Ordre National du M\u00e9rite (National Order of Merit) and received the 2019 Woman Economic Empowerment Award from the Global Invest Sustainable AGEFI Awards. She is also a member of the Conseil de la Mixit\u00e9 et de l\u2019Egalit\u00e9 Professionnelle dans l\u2019Industrie since March 2019.<\/strong><\/p>\n<hr \/>\n<h4 style=\"text-align: center;\"><\/h4>\n<\/div>\n<\/div><\/div><\/div><\/div><\/div>\n\n\n<p><\/p>\n","protected":false},"excerpt":{"rendered":"<p>Margaret Johnston-Clarke, Global Chief Diversity &amp; Inclusion Officer, L&#8217;Oreal Group (France) Margaret Johnston-Clarke is a French American Yale graduate with more than 28 years of work experience in Diversity, Equity &amp; Inclusion, Corporate Social&#46;&#46;&#46;<\/p>\n","protected":false},"author":1,"featured_media":0,"parent":0,"menu_order":0,"comment_status":"closed","ping_status":"closed","template":"","meta":{"footnotes":""},"class_list":["post-41013","page","type-page","status-publish","hentry"],"_links":{"self":[{"href":"https:\/\/globewomen.org\/globalsummit\/wp-json\/wp\/v2\/pages\/41013","targetHints":{"allow":["GET"]}}],"collection":[{"href":"https:\/\/globewomen.org\/globalsummit\/wp-json\/wp\/v2\/pages"}],"about":[{"href":"https:\/\/globewomen.org\/globalsummit\/wp-json\/wp\/v2\/types\/page"}],"author":[{"embeddable":true,"href":"https:\/\/globewomen.org\/globalsummit\/wp-json\/wp\/v2\/users\/1"}],"replies":[{"embeddable":true,"href":"https:\/\/globewomen.org\/globalsummit\/wp-json\/wp\/v2\/comments?post=41013"}],"version-history":[{"count":2,"href":"https:\/\/globewomen.org\/globalsummit\/wp-json\/wp\/v2\/pages\/41013\/revisions"}],"predecessor-version":[{"id":42967,"href":"https:\/\/globewomen.org\/globalsummit\/wp-json\/wp\/v2\/pages\/41013\/revisions\/42967"}],"wp:attachment":[{"href":"https:\/\/globewomen.org\/globalsummit\/wp-json\/wp\/v2\/media?parent=41013"}],"curies":[{"name":"wp","href":"https:\/\/api.w.org\/{rel}","templated":true}]}}

<div id="pl-gb41013-69ef90d118ec6"  class="panel-layout" ><div id="pg-gb41013-69ef90d118ec6-0"  class="panel-grid panel-no-style" ><div id="pgc-gb41013-69ef90d118ec6-0-0"  class="panel-grid-cell" ><div id="panel-gb41013-69ef90d118ec6-0-0-0" class="so-panel widget widget_sow-editor panel-first-child panel-last-child" data-index="0" ><div
			
			class="so-widget-sow-editor so-widget-sow-editor-base"
			
		>
<div class="siteorigin-widget-tinymce textwidget">
	<h1 style="text-align: center;"><span style="color: #0152a3;"><b><strong>Margaret Johnston-Clarke, Global Chief Diversity &amp; Inclusion Officer, L&#8217;Oreal Group (France)</strong><br />
</b></span></h1>
<p style="text-align: center;"><img loading="lazy" decoding="async" class="size-medium wp-image-42966 aligncenter" src="https://globewomen.org/globalsummit/wp-content/uploads/2021/10/Margaret__portrait-212x300.jpg" alt="" width="212" height="300" srcset="https://globewomen.org/globalsummit/wp-content/uploads/2021/10/Margaret__portrait-212x300.jpg 212w, https://globewomen.org/globalsummit/wp-content/uploads/2021/10/Margaret__portrait-722x1024.jpg 722w, https://globewomen.org/globalsummit/wp-content/uploads/2021/10/Margaret__portrait-768x1089.jpg 768w, https://globewomen.org/globalsummit/wp-content/uploads/2021/10/Margaret__portrait-720x1021.jpg 720w, https://globewomen.org/globalsummit/wp-content/uploads/2021/10/Margaret__portrait-520x737.jpg 520w, https://globewomen.org/globalsummit/wp-content/uploads/2021/10/Margaret__portrait-320x454.jpg 320w, https://globewomen.org/globalsummit/wp-content/uploads/2021/10/Margaret__portrait.jpg 1017w" sizes="auto, (max-width: 212px) 100vw, 212px" /></p>
<p><strong>Margaret Johnston-Clarke is a French American Yale graduate with more than 28 years of work experience in Diversity, Equity &amp; Inclusion, Corporate Social Responsibility, Philanthropy, Branding and Communications.</strong></p>
<p><strong>She has spent more than half of her career at L’Oréal in key positions including Deputy General Manager of the L’Oréal Corporate Foundation, Head of Brand Communications at Lancôme and Garnier. She spent five years at LVMH as Head of Image and Integrated Communications for the Moët &amp; Chandon House, and over six years at the non-profit Fondation Agir Contre l’Exclusion (FACE) where she ran several educational programs in inner cities. Since May 2017, Ms. Johnston-Clarke is Global Chief Diversity, Equity &amp; Inclusion Officer for the L’Oréal Goupe.</strong></p>
<p><strong>Ms. Johnston-Clarke lives in Paris, France and is married to an American artist with whom she has three children. She has been awarded Chevalier de l’Ordre National du Mérite (National Order of Merit) and received the 2019 Woman Economic Empowerment Award from the Global Invest Sustainable AGEFI Awards. She is also a member of the Conseil de la Mixité et de l’Egalité Professionnelle dans l’Industrie since March 2019.</strong></p>
<hr />
<h4 style="text-align: center;"></h4>
</div>
</div></div></div></div></div>


<p></p>
